omposite?
True
Is 36945959 composite?
False
Is 9562261 a prime number?
True
Is 8919257 prime?
False
Is 17965657 a prime number?
True
Is 9409511 a composite number?
True
Is 104208193 a composite number?
True
Is 20028929 a composite number?
True
Is 451526437 prime?
True
Is 330659621 composite?
False
Is 23251951 a prime number?
True
Is 19546043 prime?
False
Is 43840891 composite?
False
Is 33544397 a prime number?
True
Is 820067159 a composite number?
False
Is 36971395 a prime number?
False
Is 386233742 prime?
False
Is 13292731 a prime number?
False
Is 1029085 prime?
False
Is 3358097 prime?
False
Is 297971 a prime number?
True
Is 6774979 a prime number?
False
Is 2147249 a prime number?
False
Is 1002481 prime?
True
Is 134911523 a composite number?
False
Is 6190333 composite?
True
Is 37179667 composite?
True
Is 68824277 prime?
True
Is 74779457 composite?
False
Is 4150667 prime?
True
Is 2973274 composite?
True
Is 5635801 a prime number?
True
Is 4252019 prime?
True
Is 3639661 a composite number?
False
Is 941891 a prime number?
False
Is 8779454 prime?
False
Is 458353 a prime number?
False
Is 124299379 composite?
True
Is 29379337 a composite number?
True
Is 15979702 composite?
True
Is 5087469 prime?
False
Is 11626817 a composite number?
True
Is 1418089 composite?
True
Is 9749405 a composite number?
True
Is 3070003 prime?
True
Is 217656853 prime?
False
Is 1484925083 a composite number?
False
Is 158838109 a prime number?
False
Is 4010063 a composite number?
False
Is 38640089 a composite number?
True
Is 32411969 a composite number?
False
Is 36363955 a prime number?
False
Is 47648135 a composite number?
True
Is 1010768651 prime?
True
Is 80287505 composite?
True
Is 219482377 a composite number?
False
Is 88235969 composite?
True
Is 65918089 composite?
False
Is 1010459 composite?
True
Is 1505501 a composite number?
True
Is 1291603 a composite number?
False
Is 1122419 a prime number?
True
Is 3620713 a composite number?
False
Is 921107 prime?
False
Is 271040314 composite?
True
Is 69847 a prime number?
True
Is 147683 a composite number?
True
Is 144112523 composite?
True
Is 740281 a composite number?
True
Is 27940111 a composite number?
True
Is 1759213 a composite number?
False
Is 97393771 a prime number?
False
Is 5535913 composite?
False
Is 71463661 a composite number?
True
Is 9834339 a prime number?
False
Is 3495059 a composite number?
True
Is 358727599 a composite number?
False
Is 25017373 prime?
True
Is 61715 a prime number?
False
Is 40470083 a composite number?
False
Is 3128857 composite?
True
Is 3621862 a composite number?
True
Is 8234687 prime?
True
Is 63407105 prime?
False
Is 1493995 a prime number?
False
Is 61614745 a prime number?
False
Is 6750694 prime?
False
Is 8077117 composite?
True
Is 1013707 a composite number?
True
Is 7112921 a prime number?
False
Is 2109857 prime?
True
Is 32864459 a composite number?
False
Is 18781121 a prime number?
True
Is 190273 a composite number?
True
Is 2027329 composite?
True
Is 167784299 a composite number?
False
Is 11347667 a composite number?
True
Is 29622403 prime?
False
Is 1803371 composite?
False
Is 1479063 a prime number?
False
Is 16887097 prime?
False
Is 1258027 prime?
True
Is 241723283 a prime number?
True
Is 4614707 prime?
False
Is 7005673 composite?
False
Is 8522761 prime?
False
Is 72126823 prime?
True
Is 286885127 prime?
False
Is 21885481 a prime number?
False
Is 31673957 a composite number?
True
Is 105871459 prime?
True
Is 63863213 prime?
False
Is 14878399 a prime number?
True
Is 32624663 prime?
True
Is 8426471 a composite number?
True
Is 4452277 composite?
False
Is 2810447 a prime number?
False
Is 69677733 a composite number?
True
Is 37139621 composite?
False
Is 83064277 prime?
True
Is 2373869 a composite number?
False
Is 29478181 prime?
False
Is 238747 a composite number?
False
Is 5737951 a prime number?
True
Is 4927607 a composite number?
False
Is 104021237 a composite number?
False
Is 102593321 a composite number?
True
Is 1022033 a composite number?
False
Is 39816053 prime?
False
Is 454199 a composite number?
False
Is 4292693 a composite number?
True
Is 16424621 prime?
False
Is 6810631 prime?
True
Is 814802 composite?
True
Is 16263131 composite?
True
Is 10555381 a composite number?
True
Is 418040431 a composite number?
False
Is 75772237 composite?
False
Is 23806 a prime number?
False
Is 366563 a composite number?
True
Is 120868807 composite?
False
Is 9532303 a composite number?
True
Is 61389863 prime?
True
Is 2131513 prime?
True
Is 45208277 a composite number?
True
Is 36224381 composite?
False
Is 30274071 a composite number?
True
Is 1398070943 a prime number?
True
Is 3768637 prime?
False
Is 13719767 a prime number?
False
Is 10587367 prime?
False
Is 6939983 a composite number?
True
Is 16315127 a composite number?
True
Is 34607311 a prime number?
True
Is 2463151 a composite number?
False
Is 43897219 composite?
True
Is 537287 prime?
True
Is 1468165 prime?
False
Is 1240607 prime?
True
Is 3859879 a prime number?
True
Is 8654299 prime?
True
Is 9647369 prime?
True
Is 217884229 a composite number?
True
Is 89575433 a composite number?
True
Is 25549223 a prime number?
False
Is 1607317 prime?
False
Is 3287261 composite?
False
Is 81712289 a composite number?
False
Is 663367 a composite number?
True
Is 6800723 a prime number?
False
Is 7384343 composite?
False
Is 9351101 a prime number?
True
Is 30918697 a prime number?
True
Is 14955389 composite?
False
Is 525446 a composite number?
True
Is 9222649 composite?
False
Is 692399 prime?
True
Is 9660817 a composite number?
False
Is 4042391 composite?
False
Is 212807183 a prime number?
True
Is 1579121 composite?
True
Is 17458823 composite?
False
Is 327449387 a prime number?
True
Is 236162567 composite?
False
Is 12072979 a composite number?
False
Is 400329497 composite?
False
Is 13273847 composite?
True
Is 41521409 a prime number?
True
Is 29292763 a prime number?
True
Is 58740679 a composite number?
True
Is 32709155 composite?
True
Is 13647703 prime?
False
Is 120687017 a composite number?
True
Is 42964534 a prime number?
False
Is 757237317 composite?
True
Is 30264139 composite?
True
Is 2330269 a composite number?
True
Is 49828657 composite?
False
Is 1110071 a prime number?
False
Is 1998041 prime?
True
Is 14160049 a prime number?
False
Is 27640369 composite?
True
Is 153298043 a composite number?
True
Is 41963 prime?
False
Is 34281881 prime?
True
Is 15225809 prime?
False
Is 50905319 prime?
True
Is 143761 a prime number?
False
Is 2320429 a prime number?
False
Is 461071735 a prime number?
False
Is 112488479 prime?
False
Is 33382111 a composite number?
True
Is 59755249 composite?
True
Is 22014461 a prime number?
False
Is 219889249 prime?
True
Is 3786119 a composite number?
False
Is 47315119 prime?
False
Is 6356287 a prime number?
False
Is 4186343 composite?
True
Is 7602233 a prime number?
True
Is 8945633 composite?
True
Is 544282 a prime number?
False
Is 2096123 a composite number?
False
Is 1602379 a prime number?
True
Is 40390193 composite?
False
Is 25661071 composite?
False
Is 3802561 prime?
False
Is 149274847 prime?
True
Is 55583137 prime?
False
Is 4980148735 a prime number?
False
Is 2126659 a composite number?
False
Is 32238263 a prime number?
True
Is 103544031 prime?
False
Is 21899201 composite?
False
Is 4741601 prime?
True
Is 1808381 composite?
True
Is 163883729 prime?
False
Is 2690411 prime?
True
Is 2936093 prime?
False
Is 2154349 composite?
True
Is 118109785 a composite number?
True
Is 23845529 a composite number?
False
Is 431678629 a prime number?
True
Is 3355291 a prime number?
True
Is 206468849 a composite number?
False
Is 170934523 a composite number?
False
Is 61211 a composite number?
False
Is 418699 composite?
False
Is 47289667 a composite number?
True
Is 20585327 composite?
True
Is 2714759 a prime number?
False
Is 46189027 a composite number?
True
Is 921223 a composite number?
False
Is 4983445 prime?
False
Is 230573 a composite number?
True
Is 849571 a composite number?
False
Is 14221457 a composite number?
True
Is 2730347 composite?
False
Is 13633903 prime?
True
Is 37140907 a prime number?
True
Is 102752633 composite?
False
Is 103387 a prime number?
True
Is 11505319 a prime number?
False
Is 108692411 a composite number?
True
Is 60808511 a composite number?
False
